nder when x is divided by 3.
1
Suppose 12 = 15*r - 18*r, 467 = v - 4*r. What is the remainder when v is divided by 214?
23
Let a = 116 + 25. Let b = a - 121. Calculate the remainder when 52 is divided by b.
12
Let n = -32 - -35. Suppose 0 = -n*a + 5 - 17. Let z(b) = b**3 + 6*b**2 + 6*b + 2. Calculate the remainder when z(a) is divided by 3.
1
Let x = 2199 - 2134. What is the remainder when 1299 is divided by x?
64
Suppose 0 = -241*b - 8*b + 33864. What is the remainder when 2719 is divided by b?
135
Let q(m) = 3*m**2 - 85*m + 1031. Calculate the remainder when q(54) is divided by 59.
56
Let t(z) = -45*z - 1481. Calculate the remainder when t(-36) is divided by (-21)/(-14)*(-82)/(-3).
16
Let y be (-137)/(-1) + (-1 - -1). Let x(k) = 10*k**2 + 2*k - 87. Let o be x(0). Let f = o + y. Calculate the remainder when f is divided by 17.
16
Suppose -8 = 21*h - 29*h. Calculate the remainder when 18/4*h/(6/84) is divided by 49.
14
Suppose q - 2*i = 1007, 4*q = 5*i - 190 + 4218. What is the remainder when q is divided by 45?
17
Let w(m) = m**3 + 19*m**2 - 19*m + 19. Let d be w(-20). Let o be (-88)/(d/(1 + -1 - -1)). Let g = o + -75. What is the remainder when 21 is divided by g?
8
Let z = -17930 + 20095. Calculate the remainder when z is divided by 19.
18
Suppose -166*y + 1500 = -141*y. Calculate the remainder when 255 is divided by y.
15
Let v(c) = -14031*c - 111938. Calculate the remainder when v(-8) is divided by (-4)/6 - 137/(-3).
40
Suppose -5*o + 3*k - k + 492 = 0, -4*o - 4*k + 416 = 0. Let z(w) = -2*w**3 - w**2 - 11*w - 43. Calculate the remainder when o is divided by z(-3).
30
Let h = -86 + 84. Let g be h/1*42/(-28) + -3. Suppose g = -f + 61 - 42. What is the remainder when 64 is divided by f?
7
Let g(o) = -83*o - 1046. Calculate the remainder when g(-28) is divided by 20.
18
Suppose 11*s + 450 = -221. Let n = s - -82. What is the remainder when 96/(-120) - (-304)/5 is divided by n?
18
Let p = -5091 + 5328. What is the remainder when p is divided by 30?
27
What is the remainder when 4073 is divided by ((-24160)/24)/(-4)*(-48)/(-80)?
147
Suppose -49*c + 18 = -46*c. Suppose a = -c*a - 91. Let p(s) = -s**3 - 14*s**2 - 12*s + 19. What is the remainder when 23 is divided by p(a)?
5
Suppose 26*a - 18*a - 7112 = 0. Let f = 920 - a. Calculate the remainder when 78 is divided by f.
16
What is the remainder when 792 is divided by (1 - 3) + 150/(-9 - -19)?
12
Suppose 5*f + k - 22 - 26 = 0, 5*f = 3*k + 36. Let q = f - 6. Suppose 335 = 5*x + c, -2*c = q*x - 131 - 63. Calculate the remainder when x is divided by 18.
14
Let h be 2*(-6)/8 - 764/8. Suppose -5*o - 153 = 2*r, -5*o + 10*o = -r - 69. Let a = r - h. What is the remainder when a is divided by 2?
1
Let m(w) = w + 9. Let y(u) = 12 + 4 - 32 - 3*u. Let s(l) = -9*m(l) - 4*y(l). Calculate the remainder when 19 is divided by s(8).
5
Let o be -3 - (-32)/5 - (-14)/(-35). Suppose 9*j - t = 10*j - 5, -o*j = 5*t - 23. Calculate the remainder when 30 is divided by j.
0
Let i(s) = -204*s + 2. Suppose -7*t + 8 - 22 = 0. Let f be (-2 + 0)/(-3*t/3). Calculate the remainder when i(f) is divided by 23.
22
Let y = -5246 - -5310. What is the remainder when 1520 is divided by y?
48
Let u = 4230 - 4044. Calculate the remainder when 188 is divided by u.
2
Suppose 0 = y - n, y - n - 4*n = -8. Suppose -b + a + 6 = 0, 4*b + y*a = 3*a + 18. Suppose 0 = -b*f + 17 + 3. What is the remainder when 47 is divided by f?
2
Suppose -3*m + 1565 = -c + 592, 1918 = 6*m + 5*c. Calculate the remainder when m is divided by 84.
71
Let q be ((-3)/6)/((-9)/504). Suppose q*u + 1365 = 49*u. What is the remainder when u is divided by 48?
17
Let n(i) = -i - 7. Calculate the remainder when 155 is divided by n(-27).
15
Suppose -5*n - 145 + 890 = 0. Let z = -731 - -774. What is the remainder when n is divided by z?
20
Suppose 0 = 13*v + 15585 - 18575. Calculate the remainder when v is divided by 16.
6
Let i(h) = h**2 - 2*h - 9. Let v be i(4). Let c = 1 + v. Suppose c = -y + 3, -3*q - 4*y + 60 = -q. What is the remainder when q is divided by 9?
6
Let s(m) = m**3 + 4*m**2 - 11*m - 12. Suppose 4*l - 17 = 3*a, -a + 4*a = 3*l - 12. Let x = 72 - a. Calculate the remainder when x is divided by s(-5).
17
Let f(y) = y**3 + 41*y**2 - 96*y - 211. What is the remainder when 221 is divided by f(-43)?
2
Let a = -178 + 249. Calculate the remainder when a is divided by ((-18)/4 + 3)/(9/(-36)).
5
Let y(o) = -4*o - 95. Let n be y(25). Let x = n - -198. What is the remainder when 16 is divided by x?
1
Suppose -65*w + 63*w + 1120 = k, 1670 = 3*w + 4*k. What is the remainder when w is divided by 129?
46
Suppose 14 = 7*c - 7. Let z(s) = -c*s + 44 + 47 - 56. Calculate the remainder when z(-13) is divided by 19.
17
Let o = -32 - -36. Suppose o*m = 4*t - 104, 3*m + 66 + 36 = 4*t. Let a = 120 + -74. Calculate the remainder when a is divided by t.
22
Let n = -73 + 128. Suppose 0 = -8*g - n - 89. What is the remainder when 12 is divided by (0 - (-130)/18) + g/81?
5
Suppose 91765 - 279418 - 480103 = -278*j. Calculate the remainder when j is divided by 73.
66
Let l be 3/((48/(-8))/12). What is the remainder when 30 is divided by (2 + -25 - l)/(-1)?
13
Let q(y) = -2*y**3 + 50*y**2 - 27*y - 39. Let o be q(23). Calculate the remainder when (1/(-2 + 4))/(14/o) is divided by 15.
7
Let p = -16057 - -16244. Suppose 5*u - u - 131 = -t, t - 163 = -5*u. What is the remainder when p is divided by u?
27
Let m(w) = 29*w + 411. Calculate the remainder when 424 is divided by m(-13).
16
Suppose 4*a - 696 = 32*p - 27*p, 5*a - 5*p = 870. Calculate the remainder when 11483 is divided by a.
173
Let m(k) = 19*k + 2589. What is the remainder when 4119 is divided by m(-135)?
15
Let o(s) = -s**2 + s + 2. Let d = -32 + 31. Let u be o(d). Suppose l + 0*y - 50 = 3*y, -4*l - y + 252 = u. What is the remainder when l is divided by 22?
18
Suppose -2*z + 5*j + 14 = 3*j, 2*j = -5*z + 28. Let f(u) = 52*u - 117. What is the remainder when f(z) is divided by 18?
15
Suppose 11*j = -3*x + 12*j + 615, x - 191 = -2*j. Calculate the remainder when x is divided by 8.
3
Suppose -3*p = -4*f + 353, f - p + 2*p = 83. Let o = -112366 - -112373. Calculate the remainder when f is divided by o.
2
Let z be (7/(-21)*3)/(2/222). Calculate the remainder when 105 is divided by -4 + z/(-4) - 18/24.
13
Let t be (-132)/54 - (-8)/18. Calculate the remainder when -2 + 0 - ((t - -2) + -122) is divided by 25.
20
Let l be 15/25*(12 - (-4)/(-2)). Calculate the remainder when 117 is divided by l/(-4)*(-28)/2.
12
Suppose -5*p = -4*f - 9359, 2*p + 287*f = 283*f + 3766. What is the remainder when p is divided by 234?
3
Let l be (-1*(-3 + 6))/1 + 1. Calculate the remainder when l/(4/(-506)) - 6 is divided by 63.
58
Let y = -134 - -150. Calculate the remainder when 92/3*((1 - 0) + 2) is divided by y.
12
Let q be 2/10*-2 - 560/(-25). Suppose -3*v = -4*k - q, 4*v = -0*v - k + 4. Suppose 8 = o + 3*z - v*z, -4 = 2*z. What is the remainder when 29 is divided by o?
9
Suppose -9170 = -3*u + 2*q, -7*q + 12*q + 3087 = u. Calculate the remainder when u is divided by 610.
2
Suppose 4*d - 68 = 4. Suppose 2*w = 3*z + 191, z = 4*w - 349 - d. Calculate the remainder when w is divided by (-1)/(((-15)/240)/1).
11
Calculate the remainder when 3902 is divided by 1/((-12)/4464*-12).
27
Let w = -175 - -239. Let r(q) = q**2 + 8*q + 5. Let s be r(-8). Suppose -5*h + s*t = -3*h - 59, 3*t - 53 = -4*h. Calculate the remainder when w is divided by h.
13
Let b = -200 - -214. Let x(q) = 4*q**2 + 11*q - 6*q**2 + q**2 + 5 + 4*q. What is the remainder when x(10) is divided by b?
13
Suppose 91 = 4*k + 155. What is the remainder when (-625)/50*k/5 is divided by 11?
7
Let i be -4 + ((-27)/(-3))/3. Let p be i*6/(-6 - -3). Suppose -4*n + 21 - 5 = 0, -p*n - 171 = -g. Calculate the remainder when g is divided by 30.
29
Suppose 32 = 16*l - 27*l + 362. What is the remainder when 1529 is divided by l?
29
Let n be ((-5)/(-10))/((-27)/7506). Let w = 237 + n. What is the remainder when w is divided by -1 + 0 + 3 - -18?
18
Let g(r) = -28*r + 6. Let y(b) = 29*b - 8. Let m(j) = -5*g(j) - 4*y(j). What is the remainder when 147 is divided by m(2)?
47
Calculate the remainder when 2172 is divided by ((-819)/49)/(21/(-196)).
144
Suppose 4*s + 85 + 255 = 0. Let d = 139 + s. What is the remainder when 